Is 2548 a multiple of 28?
True
Is 89520 a multiple of 19?
False
Is 76 a factor of 50008?
True
Does 119 divide 119?
True
Is 22 a factor of 12276?
True
Does 5 divide 5550?
True
Is 14 a factor of 22652?
True
Is 1257 a multiple of 57?
False
Is 93 a factor of 11724?
False
Is 306 a multiple of 6?
True
Is 154 a multiple of 27?
False
Does 62 divide 31062?
True
Is 10 a factor of 2020?
True
Does 15 divide 724?
False
Is 672 a multiple of 48?
True
Is 13 a factor of 1032?
False
Is 33 a factor of 264?
True
Is 2193 a multiple of 5?
False
Is 4249 a multiple of 5?
False
Does 67 divide 18559?
True
Is 53 a factor of 47064?
True
Is 1097 a multiple of 302?
False
Is 95 a multiple of 26?
False
Does 20 divide 1640?
True
Is 41244 a multiple of 37?
False
Is 7 a factor of 15010?
False
Does 36 divide 428?
False
Is 2522 a multiple of 13?
True
Is 357 a multiple of 7?
True
Is 4170 a multiple of 55?
False
Is 22 a factor of 198?
True
Is 5192 a multiple of 59?
True
Does 122 divide 3040?
False
Is 7540 a multiple of 58?
True
Is 31 a factor of 372?
True
Does 4 divide 2585?
False
Is 177 a multiple of 59?
True
Is 10 a factor of 590?
True
Is 22 a factor of 17138?
True
Is 30 a factor of 1650?
True
Is 7 a factor of 441?
True
Is 52 a multiple of 13?
True
Does 15 divide 1710?
True
Is 65 a multiple of 2?
False
Is 5 a factor of 438?
False
Is 37 a factor of 1998?
True
Is 17 a factor of 882?
False
Does 12 divide 21153?
False
Is 128 a factor of 51712?
True
Does 59 divide 2147?
False
Is 82 a factor of 2870?
True
Does 2 divide 1428?
True
Does 15 divide 14105?
False
Is 6 a factor of 2226?
True
Does 2 divide 1845?
False
Is 6300 a multiple of 20?
True
Is 1886 a multiple of 41?
True
Does 32 divide 4832?
True
Is 39 a factor of 48621?
False
Does 12 divide 1224?
True
Is 58 even?
True
Is 32970 a multiple of 10?
True
Does 144 divide 10458?
False
Is 21 a factor of 90846?
True
Is 12 a factor of 3732?
True
Is 37 a factor of 19203?
True
Is 11168 a multiple of 21?
False
Does 44 divide 716?
False
Is 34 a factor of 1239?
False
Is 21 a factor of 6073?
False
Is 980 a multiple of 20?
True
Is 56 a factor of 4948?
False
Is 136 a factor of 1632?
True
Is 4 a factor of 629?
False
Does 20 divide 57526?
False
Is 14452 a multiple of 99?
False
Is 6723 a multiple of 27?
True
Is 11 a factor of 691?
False
Is 23 a factor of 1684?
False
Does 19 divide 437?
True
Is 1353 a multiple of 8?
False
Is 17 a factor of 437?
False
Is 13587 a multiple of 10?
False
Does 4 divide 28?
True
Is 104 a factor of 83200?
True
Does 18 divide 234?
True
Is 13 a factor of 1247?
False
Is 854 a multiple of 3?
False
Is 1512 a multiple of 28?
True
Is 6751 a multiple of 62?
False
Is 7 a factor of 397?
False
Is 2622 a multiple of 56?
False
Is 573 a multiple of 40?
False
Does 20 divide 4200?
True
Is 2328 a multiple of 6?
True
Is 7511 a multiple of 2?
False
Is 12 a factor of 16377?
False
Does 3 divide 102?
True
Is 4563 a multiple of 13?
True
Does 12 divide 5674?
False
Does 86 divide 1416?
False
Does 53 divide 14310?
True
Is 44675 a multiple of 233?
False
Is 9 a factor of 18?
True
Does 3 divide 225?
True
Does 71 divide 568?
True
Is 7 a factor of 105?
True
Is 3284 a multiple of 20?
False
Is 7 a factor of 3073?
True
Is 13 a factor of 161?
False
Is 11 a factor of 726?
True
Is 2309 a multiple of 6?
False
Is 1293 a multiple of 40?
False
Does 9 divide 110?
False
Is 7 a factor of 17829?
True
Is 4712 a multiple of 31?
True
Does 32 divide 5920?
True
Is 85 a factor of 53890?
True
Is 35875 a multiple of 44?
False
Is 2823 a multiple of 31?
False
Is 46 a factor of 6268?
False
Is 560 a multiple of 70?
True
Is 21 a factor of 1260?
True
Is 3 a factor of 82?
False
Does 9 divide 16820?
False
Is 22 a factor of 10925?
False
Does 70 divide 1610?
True
Is 76 even?
True
Does 3 divide 474?
True
Is 14796 a multiple of 61?
False
Does 38 divide 8439?
False
Is 11 a factor of 496?
False
Does 64 divide 2314?
False
Is 41978 a multiple of 278?
True
Does 5 divide 425?
True
Does 3 divide 1966?
False
Is 387 a multiple of 13?
False
Is 10 a factor of 50?
True
Does 10 divide 239?
False
Is 7320 a multiple of 8?
True
Is 689 a multiple of 13?
True
Is 22 a factor of 1473?
False
Is 17 a factor of 44438?
True
Does 13 divide 1512?
False
Does 33 divide 1769?
False
Is 5 a factor of 1489?
False
Is 31 a factor of 961?
True
Is 7491 a multiple of 5?
False
Does 5 divide 384?
False
Is 12 a factor of 24858?
False
Is 3025 a multiple of 25?
True
Is 680 a multiple of 40?
True
Does 108 divide 1188?
True
Is 369 a multiple of 17?
False
Is 5 a factor of 15?
True
Is 8480 a multiple of 10?
True
Is 32220 a multiple of 18?
True
Is 195 a multiple of 15?
True
Is 3329 a multiple of 12?
False
Does 11 divide 1672?
True
Does 58 divide 4503?
False
Is 1477 a multiple of 47?
False
Does 8 divide 392?
True
Is 3051 a multiple of 113?
True
Is 10944 a multiple of 53?
False
Is 1647 a multiple of 9?
True
Is 341 a multiple of 11?
True
Is 3 a factor of 96?
True
Does 9 divide 333?
True
Does 20 divide 7880?
True
Does 60 divide 1140?
True
Is 7173 a multiple of 46?
False
Is 4 a factor of 1067?
False
Does 26 divide 51246?
True
Is 5 a factor of 446?
False
Is 62 a factor of 1092?
False
Is 36 a factor of 1719?
False
Does 147 divide 1617?
True
Is 1590 a multiple of 30?
True
Does 5 divide 1808?
False
Is 8137 a multiple of 74?
False
Does 24 divide 17985?
False
Is 13454 a multiple of 7?
True
Is 5178 a multiple of 21?
False
Is 9 a factor of 1436?
False
Is 104 a factor of 9866?
False
Is 1002 a multiple of 10?
False
Does 18 divide 648?
True
Is 277 a factor of 55677?
True
Is 17619 a multiple of 47?
False
Is 14385 a multiple of 21?
True
Does 37 divide 3996?
True
Is 723 even?
False
Does 87 divide 174?
True
Is 78185 a multiple of 25?
False
Is 1471 a multiple of 3?
False
Does 17 divide 87?
False
Is 43 a factor of 1239?
False
Is 2678 a multiple of 56?
False
Does 39 divide 22854?
True
Is 231 a multiple of 77?
True
Is 73606 a multiple of 38?
True
Is 22 a factor of 739?
False
Is 738 a multiple of 2?
True
Does 12 divide 234?
False
Does 63 divide 27531?
True
Is 57 a factor of 51593?
False
Is 183 a multiple of 15?
False
Does 3 divide 276?
True
Is 58 a factor of 76096?
True
Is 7980 a multiple of 42?
True
Is 6 a factor of 32598?
True
Is 44 a factor of 7832?
True
Is 60 a multiple of 30?
True
Is 13 a factor of 936?
True
Does 11 divide 6961?
False
Is 5146 a multiple of 25?
False
Does 70 divide 56256?
False
Is 27 a factor of 9774?
True
Is 9 a factor of 171?
True
Does 32 divide 12096?
True
Does 18 divide 3651?
False
Is 361 a multiple of 5?
False
Does 59 divide 8377?
False
Is 4216 a multiple of 5?
False
Is 73 a factor of 10244?
False
Does 49 divide 1026?
False
Does 91 divide 707?
False
Is 1596 a multiple of 38?
True
Is 7932 a multiple of 6?
True
Is 804 a multiple of 12?
True
Is 132 a multiple of 6?
True
Is 2481 a multiple of 24?
False
Does 11 divide 2607?
True
Is 46 a factor of 14359?
False
Is 232 a multiple of 4?
True
Is 13 a factor of 468?
True
Is 6058 a multiple of 4?
False
Is 22 a factor of 70074?
False
Is 25 a factor of 7900?
True
Does 6 divide 37007?
False
Is 8 a factor of 19248?
True
Is 3636 a multiple of 9?
True
Does 18 divide 279?
False
Is 128 a factor of 7056?
False
Does 78 divide 1710?
False
Is 85280 a multiple of 209?
False
Does 36 divide 78588?
True
Is 92 a multiple of 12?
False
Is 19296 a multiple of 16?
True
Is 11 a factor of 1165?
False
Does 30 divide 29823?
False
Does 12 divide 36?
True
Does 55 divide 172?
False
Is 11892 a multiple of 13?
False
Does 24 divide 6000?
True
Does 134 divide 4958?
True
Is 807 a multiple of 7?
False
Does 37 divide 80623?
True
Is 22574 a multiple of 3?
False
Does 5 divide 5803?
False
Is 202 a factor of 7307?
False
Is 71 a factor of 2163?
False
Does 88 divide 1480?
False
Is 1508 a multiple of 116?
True
Does 77 divide 5929?
True
Does 47 divide 48264?
False
Is 49 a factor of 11033?
False
Is 45 a factor of 27664?
False
Is 3552 a multiple of 26?
False
Is 26 a factor of 14560?
True
Is 85 a multiple of 70?
False
Does 61 divide 1464?
True
Is 18 a factor of 6390?
True
Does 20 divide 2045?
False
Does 26 divide 13832?
True
Does 12 divide 6204?
True
Is 1320 a multiple of 24?
True
Does 85 divide 6545?
True
Is 43 a factor of 3741?
True
Does 15 divide 3570?
True
Is 431 a factor of 39746?
False
Is 5 a factor of 9205?
True
Does 5 divide 1896?
Fa